 of 45 and 99?
9
Calculate the highest common factor of 185 and 592.
37
What is the greatest common divisor of 143 and 650?
13
Calculate the greatest common divisor of 474 and 6.
6
Calculate the highest common divisor of 8976 and 1088.
272
What is the highest common divisor of 15 and 25?
5
What is the highest common divisor of 67046 and 14?
14
Calculate the greatest common factor of 92 and 2.
2
Calculate the highest common factor of 18 and 2259.
9
What is the highest common factor of 450 and 8?
2
Calculate the highest common factor of 69 and 6233.
23
What is the greatest common factor of 299 and 207?
23
What is the highest common divisor of 2 and 22?
2
What is the highest common factor of 2763 and 9?
9
What is the highest common factor of 204 and 3876?
204
Calculate the highest common divisor of 88 and 15488.
88
What is the highest common factor of 48 and 516?
12
What is the greatest common divisor of 342 and 76?
38
Calculate the greatest common divisor of 378 and 810.
54
Calculate the highest common factor of 55 and 110.
55
What is the greatest common factor of 1288 and 728?
56
What is the greatest common divisor of 21 and 51?
3
Calculate the highest common divisor of 1232 and 22.
22
Calculate the highest common divisor of 44327 and 57.
19
What is the highest common divisor of 24 and 5304?
24
Calculate the highest common divisor of 52 and 12.
4
What is the highest common factor of 432 and 16?
16
Calculate the highest common divisor of 172 and 12.
4
What is the greatest common factor of 6 and 591?
3
What is the greatest common factor of 80 and 270?
10
What is the greatest common divisor of 2176 and 34?
34
What is the greatest common factor of 104 and 156?
52
What is the greatest common factor of 120 and 2190?
30
What is the greatest common divisor of 41472 and 512?
512
Calculate the highest common divisor of 1620 and 60.
60
Calculate the greatest common divisor of 28 and 875.
7
What is the greatest common divisor of 23 and 10?
1
What is the highest common divisor of 28 and 294?
14
What is the highest common factor of 28 and 3388?
28
Calculate the highest common factor of 280 and 4270.
70
What is the greatest common divisor of 15 and 740?
5
What is the greatest common factor of 12 and 38424?
12
What is the greatest common divisor of 32 and 8?
8
What is the greatest common divisor of 158 and 1185?
79
What is the highest common divisor of 189 and 105?
21
What is the greatest common factor of 1003 and 708?
59
What is the highest common divisor of 119 and 238?
119
Calculate the highest common factor of 3325 and 1064.
133
What is the greatest common divisor of 130 and 1790?
10
What is the highest common factor of 9 and 321?
3
Calculate the greatest common factor of 28 and 2142.
14
What is the highest common factor of 15 and 70?
5
Calculate the greatest common factor of 568 and 781.
71
Calculate the greatest common divisor of 207 and 2.
1
What is the greatest common factor of 760 and 95?
95
What is the highest common factor of 459 and 867?
51
What is the greatest common factor of 33 and 297?
33
What is the greatest common divisor of 13275 and 90?
45
Calculate the highest common divisor of 26 and 7137.
13
Calculate the highest common divisor of 14 and 37317.
7
Calculate the highest common divisor of 4 and 52.
4
What is the greatest common factor of 1140 and 396?
12
What is the highest common factor of 9 and 1359?
9
Calculate the highest common factor of 13 and 7033.
13
What is the greatest common divisor of 90 and 234?
18
Calculate the greatest common divisor of 1593 and 135.
27
What is the highest common factor of 51 and 816?
51
What is the greatest common factor of 5280 and 288?
96
Calculate the greatest common divisor of 559 and 86.
43
Calculate the greatest common factor of 304 and 1444.
76
What is the greatest common factor of 5 and 25?
5
What is the highest common divisor of 5955 and 3?
3
Calculate the greatest common factor of 894 and 2.
2
What is the greatest common factor of 10 and 90?
10
Calculate the highest common factor of 30 and 2370.
30
What is the highest common divisor of 256 and 116?
4
What is the highest common divisor of 13665 and 10?
5
What is the highest common factor of 1681 and 41?
41
Calculate the greatest common divisor of 49 and 6272.
49
What is the highest common factor of 209 and 19?
19
What is the highest common factor of 184 and 230?
46
What is the greatest common factor of 69 and 6?
3
Calculate the highest common factor of 1 and 619.
1
What is the highest common divisor of 81 and 14013?
81
What is the greatest common factor of 144 and 48?
48
Calculate the highest common divisor of 1150 and 1058.
46
What is the highest common factor of 884 and 272?
68
Calculate the greatest common factor of 25 and 125.
25
What is the highest common divisor of 160 and 1072?
16
What is the highest common divisor of 2080 and 15?
5
What is the highest common divisor of 19572 and 14?
14
Calculate the greatest common divisor of 15628 and 4.
4
Calculate the highest common divisor of 417 and 1112.
139
What is the highest common divisor of 237 and 3?
3
Calculate the greatest common factor of 30 and 24.
6
Calculate the highest common divisor of 87 and 2291.
29
What is the highest common factor of 64 and 1008?
16
Calculate the greatest common factor of 497 and 14.
7
What is the highest common factor of 12186 and 18?
18
What is the greatest common divisor of 144 and 16?
16
What is the greatest common factor of 17 and 11373?
17
Calculate the highest common factor of 45 and 165.
15
Calculate the greatest common divisor of 108 and 60.
12
What is the greatest common divisor of 83 and 75115?
83
Calculate the greatest common divisor of 391 and 272.
17
What is the greatest common factor of 27 and 81?
27
Calculate the greatest common divisor of 2512 and 48.
16
Calculate the highest common divisor of 70 and 4795.
35
Calculate the greatest common divisor of 132 and 120.
12
Calculate the highest common divisor of 12 and 243.
3
Calculate the greatest common factor of 78 and 162.
6
What is the greatest common factor of 3240 and 160?
40
What is the greatest common factor of 372 and 1364?
124
Calculate the highest common factor of 225 and 12645.
45
Calculate the highest common factor of 14 and 21.
7
What is the greatest common divisor of 252 and 315?
63
What is the greatest common divisor of 483 and 644?
161
What is the highest common divisor of 220 and 242?
22
Calculate the highest common divisor of 32 and 9840.
16
Calculate the highest common factor of 17 and 289.
17
Calculate the greatest common factor of 90 and 30.
30
Calculate the greatest common divisor of 30353 and 478.
239
What is the highest common divisor of 2329 and 137?
137
Calculate the highest common divisor of 3 and 93.
3
Calculate the greatest common factor of 45327 and 87.
87
Calculate the highest common divisor of 264 and 2992.
88
What is the greatest common divisor of 30 and 15090?
30
What is the highest common factor of 1 and 6415?
1
What is the greatest common factor of 82 and 1681?
41
What is the greatest common divisor of 588 and 1568?
196
What is the greatest common factor of 108 and 6183?
27
What is the highest common factor of 276 and 2300?
92
What is the highest common divisor of 574 and 252?
14
What is the highest common divisor of 8414 and 14?
14
What is the highest common divisor of 303 and 1111?
101
Calculate the highest common factor of 330 and 1188.
66
What is the greatest common factor of 153 and 18?
9
What is the highest common factor of 140 and 245?
35
Calculate the highest common factor of 2 and 67.
1
What is the highest common divisor of 2033 and 1391?
107
What is the highest common factor of 130 and 26?
26
What is the highest common factor of 1311 and 483?
69
What is the greatest common divisor of 2 and 182?
2
Calculate the highest common factor of 2813 and 29.
29
What is the highest common factor of 85 and 40?
5
What is the greatest common factor of 20 and 85?
5
Calculate the greatest common divisor of 13 and 91.
13
What is the highest common divisor of 510 and 75?
15
Calculate the highest common divisor of 10 and 130.
10
Calculate the greatest common factor of 128 and 82.
2
Calculate the highest common divisor of 254 and 7747.
127
What is the highest common divisor of 